e the prime factors of 933937172?
2, 7, 19, 23, 127, 601
List the prime factors of 799228085.
5, 159845617
List the prime factors of 313697400.
2, 3, 5, 522829
What are the prime factors of 132264506?
2, 11, 211, 28493
What are the prime factors of 407943467?
407943467
List the prime factors of 56577576.
2, 3, 11, 214309
What are the prime factors of 2685938975?
5, 241, 445799
List the prime factors of 45844564.
2, 11461141
What are the prime factors of 617416952?
2, 77177119
What are the prime factors of 80998937?
79, 1025303
What are the prime factors of 2193824998?
2, 43, 25509593
List the prime factors of 5358949.
971, 5519
List the prime factors of 493055867.
493055867
List the prime factors of 4695058.
2, 53, 44293
List the prime factors of 549341667.
3, 7, 859, 10151
List the prime factors of 46913317.
11, 4264847
What are the prime factors of 242801650?
2, 5, 7, 13, 17, 43, 73
List the prime factors of 37786130.
2, 5, 29, 4493
What are the prime factors of 219645968?
2, 13727873
What are the prime factors of 457281879?
3, 152427293
List the prime factors of 1755037824.
2, 3, 4570411
What are the prime factors of 3067136628?
2, 3, 29, 241, 36571
What are the prime factors of 68242335?
3, 5, 7, 17, 38231
List the prime factors of 1269595508.
2, 317398877
What are the prime factors of 35505636?
2, 3, 2958803
List the prime factors of 41521039.
7, 67, 223, 397
List the prime factors of 483299376.
2, 3, 7, 643, 2237
List the prime factors of 253866282.
2, 3, 283, 307, 487
List the prime factors of 197554786.
2, 11, 13, 29, 23819
What are the prime factors of 1441138494?
2, 3, 113, 409, 5197
List the prime factors of 168471793.
7, 24067399
List the prime factors of 1363841823.
3, 454613941
What are the prime factors of 28941470?
2, 5, 1117, 2591
What are the prime factors of 16510812?
2, 3, 1375901
What are the prime factors of 1348241832?
2, 3, 7, 31, 86293
List the prime factors of 891738647.
19, 46933613
List the prime factors of 1960294437.
3, 97, 883, 2543
List the prime factors of 95532109.
95532109
List the prime factors of 74609698.
2, 103, 373, 971
What are the prime factors of 35928447?
3, 211, 269
What are the prime factors of 380590411?
380590411
List the prime factors of 23185085.
5, 7, 11, 1229
What are the prime factors of 1607319907?
521, 3085067
List the prime factors of 1616104290.
2, 3, 5, 53870143
What are the prime factors of 5499995860?
2, 5, 929, 296017
List the prime factors of 65206569.
3, 21735523
What are the prime factors of 192933523?
103, 1873141
What are the prime factors of 25639087?
233, 110039
What are the prime factors of 87687766?
2, 41, 1069363
List the prime factors of 406958691.
3, 135652897
What are the prime factors of 626125401?
3, 11, 1997, 3167
What are the prime factors of 822174910?
2, 5, 17, 73, 97, 683
List the prime factors of 132475868.
2, 7, 4731281
List the prime factors of 1879395306.
2, 3, 79, 191, 20759
List the prime factors of 103925410.
2, 5, 43, 241687
What are the prime factors of 158344776?
2, 3, 31, 61, 1163
What are the prime factors of 541881594?
2, 3, 30104533
What are the prime factors of 349870286?
2, 174935143
List the prime factors of 1264899796.
2, 316224949
List the prime factors of 5265112284.
2, 3, 29, 37, 136303
What are the prime factors of 2202702093?
3, 37, 97, 7577
What are the prime factors of 399330553?
6779, 58907
What are the prime factors of 16741004?
2, 7, 29, 53, 389
List the prime factors of 55549198.
2, 19, 1461821
What are the prime factors of 3380520633?
3, 7, 29, 792991
List the prime factors of 2876472029.
17, 6337, 26701
What are the prime factors of 64010944?
2, 1000171
List the prime factors of 3847346.
2, 167, 11519
List the prime factors of 868213812.
2, 3, 439, 164809
What are the prime factors of 76265920?
2, 5, 238331
What are the prime factors of 85811949?
3, 71, 134291
What are the prime factors of 5053700?
2, 5, 97, 521
List the prime factors of 32583231.
3, 257, 14087
What are the prime factors of 51066418?
2, 13, 1964093
List the prime factors of 95446762.
2, 953, 50077
What are the prime factors of 115364142?
2, 3, 17, 125669
What are the prime factors of 86764308?
2, 3, 193, 37463
List the prime factors of 1812669219.
3, 373, 179989
What are the prime factors of 91690721?
29, 3161749
What are the prime factors of 157716954?
2, 3, 101, 86753
What are the prime factors of 257900735?
5, 51580147
What are the prime factors of 326038636?
2, 7, 11, 1058567
What are the prime factors of 14584887?
3, 540181
What are the prime factors of 120313539?
3, 17, 262121
List the prime factors of 2704194448.
2, 83, 1117, 1823
What are the prime factors of 303559051?
457, 664243
List the prime factors of 80175571.
7, 11453653
What are the prime factors of 5032395841?
11, 19, 24078449
List the prime factors of 376825912.
2, 103, 229, 1997
What are the prime factors of 62767804?
2, 11, 1426541
List the prime factors of 25263394.
2, 13, 17, 61, 937
List the prime factors of 23310142.
2, 29, 53, 7583
What are the prime factors of 3546943553?
101, 113, 310781
List the prime factors of 39121993.
337, 116089
List the prime factors of 3645974246.
2, 1822987123
What are the prime factors of 41388226?
2, 11, 73, 25771
List the prime factors of 629990043.
3, 197, 1065973
List the prime factors of 58659478.
2, 47, 624037
What are the prime factors of 2139506214?
2, 3, 1033, 345193
List the prime factors of 43355743.
4241, 10223
List the prime factors of 47420906.
2, 13, 137, 13313
What are the prime factors of 151383522?
2, 3, 47, 179, 2999
List the prime factors of 19076799.
3, 7, 908419
List the prime factors of 146978293.
7, 11, 29, 9403
What are the prime factors of 1457228149?
13, 131, 855683
List the prime factors of 4377649312.
2, 653, 209497
List the prime factors of 597750746.
2, 298875373
What are the prime factors of 506700254?
2, 137, 1849271
List the prime factors of 25270090.
2, 5, 2527009
What are the prime factors of 1748728776?
2, 3, 241, 463, 653
List the prime factors of 5841352591.
11909, 490499
What are the prime factors of 314591370?
2, 3, 5, 97, 108107
What are the prime factors of 83396551?
7, 23, 517991
What are the prime factors of 5470630032?
2, 3, 7, 883, 18439
List the prime factors of 161380181.
161380181
List the prime factors of 2092489516.
2, 13, 59, 682037
What are the prime factors of 90916806?
2, 3, 15152801
List the prime factors of 6682606457.
1499, 4458043
List the prime factors of 108188290.
2, 5, 7, 1545547
List the prime factors of 86680773.
3, 17, 20983
What are the prime factors of 230550644?
2, 73, 789557
List the prime factors of 61898476.
2, 1223, 12653
What are the prime factors of 51363385?
5, 251, 40927
What are the prime factors of 3513181970?
2, 5, 1123, 312839
List the prime factors of 94288569.
3, 23, 103, 13267
List the prime factors of 199384900.
2, 5, 11, 13, 73, 191
What are the prime factors of 322443960?
2, 3, 5, 2687033
What are the prime factors of 84143438?
2, 17, 19, 130253
What are the prime factors of 122997343?
7, 409, 42961
List the prime factors of 413459379.
3, 89, 516179
List the prime factors of 280144644.
2, 3, 13, 31, 53, 1093
List the prime factors of 836024011.
17, 49177883
List the prime factors of 63268174.
2, 157, 201491
List the prime factors of 47393261.
47393261
What are the prime factors of 76408508?
2, 11, 1736557
What are the prime factors of 1331878177?
7, 190268311
List the prime factors of 151339482.
2, 3, 7, 71, 5639
List the prime factors of 54861411.
3, 11, 1662467
List the prime factors of 49087027.
11, 4462457
What are the prime factors of 3864854358?
2, 3, 17, 23, 183047
What are the prime factors of 473759308?
2, 11, 10767257
List the prime factors of 547023287.
547023287
What are the prime factors of 830607932?
2, 7, 11, 2696779
What are the prime factors of 67765258?
2, 11, 47, 65537
List the prime factors of 624171848.
2, 3083, 25307
List the prime factors of 39801759.
3, 233, 56941
List the prime factors of 49932034.
2, 23, 709, 1531
List the prime factors of 7792540.
2, 5, 7, 55661
What are the prime factors of 2762648446?
2, 3229, 427787
What are the prime factors of 455707784?
2, 7, 41, 198479
What are the prime factors of 981700521?
3, 327233507
What are the pri